{"id":42,"date":"2022-03-14T08:55:46","date_gmt":"2022-03-14T08:55:46","guid":{"rendered":"https:\/\/abala.gob.mx\/?page_id=42"},"modified":"2024-07-25T16:22:50","modified_gmt":"2024-07-25T22:22:50","slug":"informacion-general","status":"publish","type":"page","link":"https:\/\/abala.gob.mx\/index.php\/informacion-general\/","title":{"rendered":"Informaci\u00f3n general"},"content":{"rendered":"\n<figure class=\"wp-block-gallery has-nested-images columns-default is-cropped wp-block-gallery-1 is-layout-flex wp-block-gallery-is-layout-flex\">\n<figure class=\"wp-block-image size-full\"><img loading=\"lazy\" decoding=\"async\" width=\"200\" height=\"200\" data-id=\"44\" src=\"https:\/\/abala.gob.mx\/wp-content\/uploads\/2022\/03\/abala-logo-e1647247961553.jpg\" alt=\"\" class=\"wp-image-44\"\/><\/figure>\n<\/figure>\n\n\n\n<h2 class=\"wp-block-heading\">Significado<\/h2>\n\n\n\n<p>Primitivamente \u00abAbalha\u00bb, lugar donde se toma el jugo de ciruela, por derivarse de las voces: Abal; ciruela y \u00c1 contracci\u00f3n de H\u00e1; agua.<\/p>\n\n\n\n<h2 class=\"wp-block-heading\">Historia<\/h2>\n\n\n\n<p>A la llegada de los espa\u00f1oles y durante la \u00e9poca colonial, el territorio del municipio de Abal\u00e1 \u00abCiruela de Agua\u00bb qued\u00f3 organizado bajo el r\u00e9gimen de encomienda. Sus principales titulares fueron don Francisco de Montejo el Mozo (1549); don Juan de Montejo Maldonado (1607); el Conde Duque de San Lucas (1632); la Condesa de Olivares (1633); do\u00f1a Mariana de Guzm\u00e1n Duquesa de Medina Cido\u00f1a (1699) y do\u00f1a Josefa D\u00edaz Bolio con 211 indios bajo custodia (1727).<\/p>\n\n\n\n<p>El 18 de abril de 1902, las haciendas Maxal y Kambriche pasan a formar parte del municipio de Muna.<\/p>\n\n\n\n<p>El 20 de enero de 1926, la finca del Cacao y la hacienda Yaxcopoil son incorporadas al municipio de Um\u00e1n.<\/p>\n\n\n\n<p>El 17 de enero de 1936, Abal\u00e1 recupera la finca de Cacao.<\/p>\n\n\n\n<h2 class=\"wp-block-heading\">Edificios hist\u00f3ricos<\/h2>\n\n\n\n<p>En la cabecera municipal se encuentran los templos de Santa Maria Virgen y de San Juan Bautista construidos en el siglo XVII.<\/p>\n\n\n\n<h2 class=\"wp-block-heading\">Fiestas populares<\/h2>\n\n\n\n<p>Del 10 al 17 de mayo se llevan a cabo las fiestas tradicionales en el templo de Santa Maria Virgen.<\/p>\n","protected":false},"excerpt":{"rendered":"<p>Significado Primitivamente \u00abAbalha\u00bb, lugar donde se toma el jugo de ciruela, por derivarse de las voces: Abal; ciruela y \u00c1 contracci\u00f3n de H\u00e1; agua. Historia A la llegada de los&hellip;<\/p>\n","protected":false},"author":1,"featured_media":0,"parent":0,"menu_order":0,"comment_status":"closed","ping_status":"closed","template":"","meta":{"_themeisle_gutenberg_block_has_review":false,"footnotes":""},"class_list":["post-42","page","type-page","status-publish","hentry"],"_links":{"self":[{"href":"https:\/\/abala.gob.mx\/index.php\/wp-json\/wp\/v2\/pages\/42","targetHints":{"allow":["GET"]}}],"collection":[{"href":"https:\/\/abala.gob.mx\/index.php\/wp-json\/wp\/v2\/pages"}],"about":[{"href":"https:\/\/abala.gob.mx\/index.php\/wp-json\/wp\/v2\/types\/page"}],"author":[{"embeddable":true,"href":"https:\/\/abala.gob.mx\/index.php\/wp-json\/wp\/v2\/users\/1"}],"replies":[{"embeddable":true,"href":"https:\/\/abala.gob.mx\/index.php\/wp-json\/wp\/v2\/comments?post=42"}],"version-history":[{"count":1,"href":"https:\/\/abala.gob.mx\/index.php\/wp-json\/wp\/v2\/pages\/42\/revisions"}],"predecessor-version":[{"id":45,"href":"https:\/\/abala.gob.mx\/index.php\/wp-json\/wp\/v2\/pages\/42\/revisions\/45"}],"wp:attachment":[{"href":"https:\/\/abala.gob.mx\/index.php\/wp-json\/wp\/v2\/media?parent=42"}],"curies":[{"name":"wp","href":"https:\/\/api.w.org\/{rel}","templated":true}]}}

Información general

<figure class="wp-block-gallery has-nested-images columns-default is-cropped wp-block-gallery-1 is-layout-flex wp-block-gallery-is-layout-flex">
<figure class="wp-block-image size-full"><img loading="lazy" decoding="async" width="200" height="200" data-id="44" src="https://abala.gob.mx/wp-content/uploads/2022/03/abala-logo-e1647247961553.jpg" alt="" class="wp-image-44"/></figure>
</figure>



<h2 class="wp-block-heading">Significado</h2>



<p>Primitivamente «Abalha», lugar donde se toma el jugo de ciruela, por derivarse de las voces: Abal; ciruela y Á contracción de Há; agua.</p>



<h2 class="wp-block-heading">Historia</h2>



<p>A la llegada de los españoles y durante la época colonial, el territorio del municipio de Abalá «Ciruela de Agua» quedó organizado bajo el régimen de encomienda. Sus principales titulares fueron don Francisco de Montejo el Mozo (1549); don Juan de Montejo Maldonado (1607); el Conde Duque de San Lucas (1632); la Condesa de Olivares (1633); doña Mariana de Guzmán Duquesa de Medina Cidoña (1699) y doña Josefa Díaz Bolio con 211 indios bajo custodia (1727).</p>



<p>El 18 de abril de 1902, las haciendas Maxal y Kambriche pasan a formar parte del municipio de Muna.</p>



<p>El 20 de enero de 1926, la finca del Cacao y la hacienda Yaxcopoil son incorporadas al municipio de Umán.</p>



<p>El 17 de enero de 1936, Abalá recupera la finca de Cacao.</p>



<h2 class="wp-block-heading">Edificios históricos</h2>



<p>En la cabecera municipal se encuentran los templos de Santa Maria Virgen y de San Juan Bautista construidos en el siglo XVII.</p>



<h2 class="wp-block-heading">Fiestas populares</h2>



<p>Del 10 al 17 de mayo se llevan a cabo las fiestas tradicionales en el templo de Santa Maria Virgen.</p>

<p>Significado Primitivamente «Abalha», lugar donde se toma el jugo de ciruela, por derivarse de las voces: Abal; ciruela y Á contracción de Há; agua. Historia A la llegada de los&hellip;</p>
